{"id":1211,"date":"2025-01-24T13:15:06","date_gmt":"2025-01-24T11:15:06","guid":{"rendered":"https:\/\/maxine.fi\/?post_type=tribe_events&#038;p=1211"},"modified":"2025-01-24T13:34:17","modified_gmt":"2025-01-24T11:34:17","slug":"fiesta-latina-carnaval-de-barranquilla-special-event","status":"publish","type":"tribe_events","link":"https:\/\/maxine.fi\/en\/earchive\/fiesta-latina-carnaval-de-barranquilla-special-event\/","title":{"rendered":"Fiesta Latina: Carnaval De Barranquilla Special Event"},"content":{"rendered":"<p>February 28 it\u2019s Carnaval time\ud83c\udf89! FIESTA LATINA takes you to Barranquilla with tropical Latin sounds by residents DJ Goodblood\ud83c\uddeb\ud83c\uddeeand DJ Lucho Helsinki\ud83c\udde8\ud83c\uddf4, and an energetic dance show + class by the talented Audry Rolando\ud83c\udde8\ud83c\uddf4! Don\u2019t miss this party, see you there everyone!\ud83d\udd25<br \/>\nFIESTA LATINA<br \/>\nFriday 28.2.2025<br \/>\n22:00 &#8211; 04:30<br \/>\nGuest: Audry Rolando<br \/>\nResidents DJs:<br \/>\nDJ GOODBLOOD<br \/>\nDJ LUCHO HELSINKI<br \/>\nMaxine Nightclub<br \/>\n22:00 &#8211; 04:30<br \/>\nAge limit 20<br \/>\nEntry fee 12\u20ac + narikka<br \/>\nGet ready for a crazy night! FIESTA LATINA takes place at one of Helsinki&#8217;s finest nightclubs. Maxine is located on the top floor of Kamppi offering great views over the city. This beautiful venue also has a brilliant sound system, a big dancefloor, and a great selection of drinks.<br \/>\nEntry fee 12\u20ac + narikka<\/p>\n<p>Music styles include:<br \/>\n\u25ba Salsa \u25ba Bachata \u25ba Reggaeton<br \/>\n\u25ba Merengue \u25ba Timba \u25ba Brazilian Funk<br \/>\n\u25ba Dembow \u25ba Latin Pop \u25ba Cumbia<br \/>\n\u25ba Vallenato \u25ba Champeta \u25ba and more!<br \/>\nFeel free to send us your song requests by posting them on Facebook or in a private message.<br \/>\nTable reservations: varaukset@maxine.fi<br \/>\nADDRESS: Ravintola Maxine, Urho Kekkosenkatu 1, 6th floor (Kamppi shopping center)<br \/>\nWelcome to dance &#038; enjoy!<\/p>\n","protected":false},"excerpt":{"rendered":"<p>February 28 it\u2019s Carnaval time\ud83c\udf89! FIESTA LATINA takes you to Barranquilla with tropical Latin sounds by residents DJ Goodblood\ud83c\uddeb\ud83c\uddeeand DJ Lucho Helsinki\ud83c\udde8\ud83c\uddf4, and an energetic dance show + class by [&hellip;]<\/p>\n","protected":false},"author":9,"featured_media":1213,"comment_status":"open","ping_status":"closed","template":"","meta":{"_et_pb_use_builder":"","_et_pb_old_content":"","_et_gb_content_width":"","om_disable_all_campaigns":false,"_tribe_events_status":"","_tribe_events_status_reason":"","footnotes":""},"tags":[18],"tribe_events_cat":[],"class_list":["post-1211","tribe_events","type-tribe_events","status-publish","has-post-thumbnail","hentry","tag-20-en"],"yoast_head":"<!-- This site is optimized with the Yoast SEO plugin v24.6 - https:\/\/yoast.com\/wordpress\/plugins\/seo\/ -->\n<title>Fiesta Latina: Carnaval De Barranquilla Special Event - Maxine<\/title>\n<meta name=\"robots\" content=\"noindex, follow\" \/>\n<meta property=\"og:locale\" content=\"en_US\" \/>\n<meta property=\"og:type\" content=\"article\" \/>\n<meta property=\"og:title\" content=\"Fiesta Latina: Carnaval De Barranquilla Special Event - Maxine\" \/>\n<meta property=\"og:description\" content=\"February 28 it\u2019s Carnaval time\ud83c\udf89! FIESTA LATINA takes you to Barranquilla with tropical Latin sounds by residents DJ Goodblood\ud83c\uddeb\ud83c\uddeeand DJ Lucho Helsinki\ud83c\udde8\ud83c\uddf4, and an energetic dance show + class by [&hellip;]\" \/>\n<meta property=\"og:url\" content=\"https:\/\/maxine.fi\/en\/earchive\/fiesta-latina-carnaval-de-barranquilla-special-event\/\" \/>\n<meta property=\"og:site_name\" content=\"Maxine\" \/>\n<meta property=\"article:modified_time\" content=\"2025-01-24T11:34:17+00:00\" \/>\n<meta property=\"og:image\" content=\"http:\/\/maxine.fi\/wp-content\/uploads\/2025\/01\/Fiesta.jpg\" \/>\n\t<meta property=\"og:image:width\" content=\"836\" \/>\n\t<meta property=\"og:image:height\" content=\"1049\" \/>\n\t<meta property=\"og:image:type\" content=\"image\/jpeg\" \/>\n<meta name=\"twitter:card\" content=\"summary_large_image\" \/>\n<meta name=\"twitter:label1\" content=\"Est. reading time\" \/>\n\t<meta name=\"twitter:data1\" content=\"2 minutes\" \/>\n<script type=\"application\/ld+json\" class=\"yoast-schema-graph\">{\"@context\":\"https:\/\/schema.org\",\"@graph\":[{\"@type\":\"WebPage\",\"@id\":\"https:\/\/maxine.fi\/en\/earchive\/fiesta-latina-carnaval-de-barranquilla-special-event\/\",\"url\":\"https:\/\/maxine.fi\/en\/earchive\/fiesta-latina-carnaval-de-barranquilla-special-event\/\",\"name\":\"Fiesta Latina: Carnaval De Barranquilla Special Event - Maxine\",\"isPartOf\":{\"@id\":\"https:\/\/maxine.fi\/#website\"},\"primaryImageOfPage\":{\"@id\":\"https:\/\/maxine.fi\/en\/earchive\/fiesta-latina-carnaval-de-barranquilla-special-event\/#primaryimage\"},\"image\":{\"@id\":\"https:\/\/maxine.fi\/en\/earchive\/fiesta-latina-carnaval-de-barranquilla-special-event\/#primaryimage\"},\"thumbnailUrl\":\"https:\/\/maxine.fi\/wp-content\/uploads\/2025\/01\/Fiesta.jpg\",\"datePublished\":\"2025-01-24T11:15:06+00:00\",\"dateModified\":\"2025-01-24T11:34:17+00:00\",\"breadcrumb\":{\"@id\":\"https:\/\/maxine.fi\/en\/earchive\/fiesta-latina-carnaval-de-barranquilla-special-event\/#breadcrumb\"},\"inLanguage\":\"en-US\",\"potentialAction\":[{\"@type\":\"ReadAction\",\"target\":[\"https:\/\/maxine.fi\/en\/earchive\/fiesta-latina-carnaval-de-barranquilla-special-event\/\"]}]},{\"@type\":\"ImageObject\",\"inLanguage\":\"en-US\",\"@id\":\"https:\/\/maxine.fi\/en\/earchive\/fiesta-latina-carnaval-de-barranquilla-special-event\/#primaryimage\",\"url\":\"https:\/\/maxine.fi\/wp-content\/uploads\/2025\/01\/Fiesta.jpg\",\"contentUrl\":\"https:\/\/maxine.fi\/wp-content\/uploads\/2025\/01\/Fiesta.jpg\",\"width\":836,\"height\":1049},{\"@type\":\"BreadcrumbList\",\"@id\":\"https:\/\/maxine.fi\/en\/earchive\/fiesta-latina-carnaval-de-barranquilla-special-event\/#breadcrumb\",\"itemListElement\":[{\"@type\":\"ListItem\",\"position\":1,\"name\":\"Home\",\"item\":\"https:\/\/maxine.fi\/en\/front-page\/\"},{\"@type\":\"ListItem\",\"position\":2,\"name\":\"Events\",\"item\":\"https:\/\/maxine.fi\/events\/\"},{\"@type\":\"ListItem\",\"position\":3,\"name\":\"Fiesta Latina: Carnaval De Barranquilla Special Event\"}]},{\"@type\":\"WebSite\",\"@id\":\"https:\/\/maxine.fi\/#website\",\"url\":\"https:\/\/maxine.fi\/\",\"name\":\"Maxine\",\"description\":\"Drinkkej\u00e4 sek\u00e4 monipuolista musiikkia kuudennen kerroksen n\u00e4k\u00f6aloissa\",\"publisher\":{\"@id\":\"https:\/\/maxine.fi\/#organization\"},\"potentialAction\":[{\"@type\":\"SearchAction\",\"target\":{\"@type\":\"EntryPoint\",\"urlTemplate\":\"https:\/\/maxine.fi\/?s={search_term_string}\"},\"query-input\":{\"@type\":\"PropertyValueSpecification\",\"valueRequired\":true,\"valueName\":\"search_term_string\"}}],\"inLanguage\":\"en-US\"},{\"@type\":\"Organization\",\"@id\":\"https:\/\/maxine.fi\/#organization\",\"name\":\"Maxine\",\"url\":\"https:\/\/maxine.fi\/\",\"logo\":{\"@type\":\"ImageObject\",\"inLanguage\":\"en-US\",\"@id\":\"https:\/\/maxine.fi\/#\/schema\/logo\/image\/\",\"url\":\"https:\/\/maxine.fi\/wp-content\/uploads\/2024\/10\/SOME-lila-valkoinen.jpg\",\"contentUrl\":\"https:\/\/maxine.fi\/wp-content\/uploads\/2024\/10\/SOME-lila-valkoinen.jpg\",\"width\":1000,\"height\":1000,\"caption\":\"Maxine\"},\"image\":{\"@id\":\"https:\/\/maxine.fi\/#\/schema\/logo\/image\/\"}}]}<\/script>\n<!-- \/ Yoast SEO plugin. -->","yoast_head_json":{"title":"Fiesta Latina: Carnaval De Barranquilla Special Event - Maxine","robots":{"index":"noindex","follow":"follow"},"og_locale":"en_US","og_type":"article","og_title":"Fiesta Latina: Carnaval De Barranquilla Special Event - Maxine","og_description":"February 28 it\u2019s Carnaval time\ud83c\udf89! FIESTA LATINA takes you to Barranquilla with tropical Latin sounds by residents DJ Goodblood\ud83c\uddeb\ud83c\uddeeand DJ Lucho Helsinki\ud83c\udde8\ud83c\uddf4, and an energetic dance show + class by [&hellip;]","og_url":"https:\/\/maxine.fi\/en\/earchive\/fiesta-latina-carnaval-de-barranquilla-special-event\/","og_site_name":"Maxine","article_modified_time":"2025-01-24T11:34:17+00:00","og_image":[{"width":836,"height":1049,"url":"http:\/\/maxine.fi\/wp-content\/uploads\/2025\/01\/Fiesta.jpg","type":"image\/jpeg"}],"twitter_card":"summary_large_image","twitter_misc":{"Est. reading time":"2 minutes"},"schema":{"@context":"https:\/\/schema.org","@graph":[{"@type":"WebPage","@id":"https:\/\/maxine.fi\/en\/earchive\/fiesta-latina-carnaval-de-barranquilla-special-event\/","url":"https:\/\/maxine.fi\/en\/earchive\/fiesta-latina-carnaval-de-barranquilla-special-event\/","name":"Fiesta Latina: Carnaval De Barranquilla Special Event - Maxine","isPartOf":{"@id":"https:\/\/maxine.fi\/#website"},"primaryImageOfPage":{"@id":"https:\/\/maxine.fi\/en\/earchive\/fiesta-latina-carnaval-de-barranquilla-special-event\/#primaryimage"},"image":{"@id":"https:\/\/maxine.fi\/en\/earchive\/fiesta-latina-carnaval-de-barranquilla-special-event\/#primaryimage"},"thumbnailUrl":"https:\/\/maxine.fi\/wp-content\/uploads\/2025\/01\/Fiesta.jpg","datePublished":"2025-01-24T11:15:06+00:00","dateModified":"2025-01-24T11:34:17+00:00","breadcrumb":{"@id":"https:\/\/maxine.fi\/en\/earchive\/fiesta-latina-carnaval-de-barranquilla-special-event\/#breadcrumb"},"inLanguage":"en-US","potentialAction":[{"@type":"ReadAction","target":["https:\/\/maxine.fi\/en\/earchive\/fiesta-latina-carnaval-de-barranquilla-special-event\/"]}]},{"@type":"ImageObject","inLanguage":"en-US","@id":"https:\/\/maxine.fi\/en\/earchive\/fiesta-latina-carnaval-de-barranquilla-special-event\/#primaryimage","url":"https:\/\/maxine.fi\/wp-content\/uploads\/2025\/01\/Fiesta.jpg","contentUrl":"https:\/\/maxine.fi\/wp-content\/uploads\/2025\/01\/Fiesta.jpg","width":836,"height":1049},{"@type":"BreadcrumbList","@id":"https:\/\/maxine.fi\/en\/earchive\/fiesta-latina-carnaval-de-barranquilla-special-event\/#breadcrumb","itemListElement":[{"@type":"ListItem","position":1,"name":"Home","item":"https:\/\/maxine.fi\/en\/front-page\/"},{"@type":"ListItem","position":2,"name":"Events","item":"https:\/\/maxine.fi\/events\/"},{"@type":"ListItem","position":3,"name":"Fiesta Latina: Carnaval De Barranquilla Special Event"}]},{"@type":"WebSite","@id":"https:\/\/maxine.fi\/#website","url":"https:\/\/maxine.fi\/","name":"Maxine","description":"Drinkkej\u00e4 sek\u00e4 monipuolista musiikkia kuudennen kerroksen n\u00e4k\u00f6aloissa","publisher":{"@id":"https:\/\/maxine.fi\/#organization"},"potentialAction":[{"@type":"SearchAction","target":{"@type":"EntryPoint","urlTemplate":"https:\/\/maxine.fi\/?s={search_term_string}"},"query-input":{"@type":"PropertyValueSpecification","valueRequired":true,"valueName":"search_term_string"}}],"inLanguage":"en-US"},{"@type":"Organization","@id":"https:\/\/maxine.fi\/#organization","name":"Maxine","url":"https:\/\/maxine.fi\/","logo":{"@type":"ImageObject","inLanguage":"en-US","@id":"https:\/\/maxine.fi\/#\/schema\/logo\/image\/","url":"https:\/\/maxine.fi\/wp-content\/uploads\/2024\/10\/SOME-lila-valkoinen.jpg","contentUrl":"https:\/\/maxine.fi\/wp-content\/uploads\/2024\/10\/SOME-lila-valkoinen.jpg","width":1000,"height":1000,"caption":"Maxine"},"image":{"@id":"https:\/\/maxine.fi\/#\/schema\/logo\/image\/"}}]}},"_links":{"self":[{"href":"https:\/\/maxine.fi\/en\/wp-json\/wp\/v2\/tribe_events\/1211","targetHints":{"allow":["GET"]}}],"collection":[{"href":"https:\/\/maxine.fi\/en\/wp-json\/wp\/v2\/tribe_events"}],"about":[{"href":"https:\/\/maxine.fi\/en\/wp-json\/wp\/v2\/types\/tribe_events"}],"author":[{"embeddable":true,"href":"https:\/\/maxine.fi\/en\/wp-json\/wp\/v2\/users\/9"}],"replies":[{"embeddable":true,"href":"https:\/\/maxine.fi\/en\/wp-json\/wp\/v2\/comments?post=1211"}],"version-history":[{"count":1,"href":"https:\/\/maxine.fi\/en\/wp-json\/wp\/v2\/tribe_events\/1211\/revisions"}],"predecessor-version":[{"id":1212,"href":"https:\/\/maxine.fi\/en\/wp-json\/wp\/v2\/tribe_events\/1211\/revisions\/1212"}],"wp:featuredmedia":[{"embeddable":true,"href":"https:\/\/maxine.fi\/en\/wp-json\/wp\/v2\/media\/1213"}],"wp:attachment":[{"href":"https:\/\/maxine.fi\/en\/wp-json\/wp\/v2\/media?parent=1211"}],"wp:term":[{"taxonomy":"post_tag","embeddable":true,"href":"https:\/\/maxine.fi\/en\/wp-json\/wp\/v2\/tags?post=1211"},{"taxonomy":"tribe_events_cat","embeddable":true,"href":"https:\/\/maxine.fi\/en\/wp-json\/wp\/v2\/tribe_events_cat?post=1211"}],"curies":[{"name":"wp","href":"https:\/\/api.w.org\/{rel}","templated":true}]}}

<!-- This site is optimized with the Yoast SEO plugin v24.6 - https://yoast.com/wordpress/plugins/seo/ -->
<title>Fiesta Latina: Carnaval De Barranquilla Special Event - Maxine</title>
<meta name="robots" content="noindex, follow" />
<meta property="og:locale" content="en_US" />
<meta property="og:type" content="article" />
<meta property="og:title" content="Fiesta Latina: Carnaval De Barranquilla Special Event - Maxine" />
<meta property="og:description" content="February 28 it’s Carnaval time🎉! FIESTA LATINA takes you to Barranquilla with tropical Latin sounds by residents DJ Goodblood🇫🇮and DJ Lucho Helsinki🇨🇴, and an energetic dance show + class by [&hellip;]" />
<meta property="og:url" content="https://maxine.fi/en/earchive/fiesta-latina-carnaval-de-barranquilla-special-event/" />
<meta property="og:site_name" content="Maxine" />
<meta property="article:modified_time" content="2025-01-24T11:34:17+00:00" />
<meta property="og:image" content="http://maxine.fi/wp-content/uploads/2025/01/Fiesta.jpg" />
	<meta property="og:image:width" content="836" />
	<meta property="og:image:height" content="1049" />
	<meta property="og:image:type" content="image/jpeg" />
<meta name="twitter:card" content="summary_large_image" />
<meta name="twitter:label1" content="Est. reading time" />
	<meta name="twitter:data1" content="2 minutes" />
<script type="application/ld+json" class="yoast-schema-graph">{"@context":"https://schema.org","@graph":[{"@type":"WebPage","@id":"https://maxine.fi/en/earchive/fiesta-latina-carnaval-de-barranquilla-special-event/","url":"https://maxine.fi/en/earchive/fiesta-latina-carnaval-de-barranquilla-special-event/","name":"Fiesta Latina: Carnaval De Barranquilla Special Event - Maxine","isPartOf":{"@id":"https://maxine.fi/#website"},"primaryImageOfPage":{"@id":"https://maxine.fi/en/earchive/fiesta-latina-carnaval-de-barranquilla-special-event/#primaryimage"},"image":{"@id":"https://maxine.fi/en/earchive/fiesta-latina-carnaval-de-barranquilla-special-event/#primaryimage"},"thumbnailUrl":"https://maxine.fi/wp-content/uploads/2025/01/Fiesta.jpg","datePublished":"2025-01-24T11:15:06+00:00","dateModified":"2025-01-24T11:34:17+00:00","breadcrumb":{"@id":"https://maxine.fi/en/earchive/fiesta-latina-carnaval-de-barranquilla-special-event/#breadcrumb"},"inLanguage":"en-US","potentialAction":[{"@type":"ReadAction","target":["https://maxine.fi/en/earchive/fiesta-latina-carnaval-de-barranquilla-special-event/"]}]},{"@type":"ImageObject","inLanguage":"en-US","@id":"https://maxine.fi/en/earchive/fiesta-latina-carnaval-de-barranquilla-special-event/#primaryimage","url":"https://maxine.fi/wp-content/uploads/2025/01/Fiesta.jpg","contentUrl":"https://maxine.fi/wp-content/uploads/2025/01/Fiesta.jpg","width":836,"height":1049},{"@type":"BreadcrumbList","@id":"https://maxine.fi/en/earchive/fiesta-latina-carnaval-de-barranquilla-special-event/#breadcrumb","itemListElement":[{"@type":"ListItem","position":1,"name":"Home","item":"https://maxine.fi/en/front-page/"},{"@type":"ListItem","position":2,"name":"Events","item":"https://maxine.fi/events/"},{"@type":"ListItem","position":3,"name":"Fiesta Latina: Carnaval De Barranquilla Special Event"}]},{"@type":"WebSite","@id":"https://maxine.fi/#website","url":"https://maxine.fi/","name":"Maxine","description":"Drinkkejä sekä monipuolista musiikkia kuudennen kerroksen näköaloissa","publisher":{"@id":"https://maxine.fi/#organization"},"potentialAction":[{"@type":"SearchAction","target":{"@type":"EntryPoint","urlTemplate":"https://maxine.fi/?s={search_term_string}"},"query-input":{"@type":"PropertyValueSpecification","valueRequired":true,"valueName":"search_term_string"}}],"inLanguage":"en-US"},{"@type":"Organization","@id":"https://maxine.fi/#organization","name":"Maxine","url":"https://maxine.fi/","logo":{"@type":"ImageObject","inLanguage":"en-US","@id":"https://maxine.fi/#/schema/logo/image/","url":"https://maxine.fi/wp-content/uploads/2024/10/SOME-lila-valkoinen.jpg","contentUrl":"https://maxine.fi/wp-content/uploads/2024/10/SOME-lila-valkoinen.jpg","width":1000,"height":1000,"caption":"Maxine"},"image":{"@id":"https://maxine.fi/#/schema/logo/image/"}}]}</script>
<!-- / Yoast SEO plugin. -->

Drinkkejä sekä monipuolista musiikkia kuudennen kerroksen näköaloissa
